 + -15600?
-15577
In base 16, what is -47d96 + -3?
-47d99
In base 4, what is -322330322 - -10?
-322330312
In base 4, what is -2332 + 1122?
-1210
In base 7, what is 55050 + -1?
55046
In base 8, what is -1406577 + -1?
-1406600
In base 8, what is 3 + 57352?
57355
In base 11, what is 3 - -7141?
7144
In base 9, what is -6 + 20542?
20535
In base 15, what is 11d - -8?
126
In base 3, what is 1012 + 20020220?
20022002
In base 12, what is 1035 + 127?
1160
In base 7, what is 3223 + -22?
3201
In base 13, what is -6 - 190a3a?
-190a43
In base 2, what is 101010101 - 1010001001?
-100110100
In base 16, what is 16 + -375?
-35f
In base 7, what is -3441646 - 0?
-3441646
In base 7, what is 12 - -1040642?
1040654
In base 4, what is 110110021 + 130?
110110211
In base 6, what is -1 + -3122034?
-3122035
In base 6, what is -11224044 - 4?
-11224052
In base 16, what is 22 + 916?
938
In base 15, what is -5312 - 26?
-5338
In base 15, what is -ee6 + 5c?
-e89
In base 15, what is 6acc - -5?
6ad2
In base 5, what is 14 - 21040?
-21021
In base 11, what is 854 + -55?
7aa
In base 4, what is -32 + -231221?
-231313
In base 8, what is -37 - 10517?
-10556
In base 16, what is 8b + 5?
90
In base 15, what is -14d0 - 2?
-14d2
In base 13, what is -5 + -908a8?
-908b0
In base 11, what is 22 - -42846?
42868
In base 3, what is 110 - 110110012101?
-110110011221
In base 12, what is 1b9 + 93?
290
In base 6, what is -3455213 + 2?
-3455211
In base 5, what is -12210312 - 0?
-12210312
In base 16, what is -e1 - -d4?
-d
In base 14, what is 7 + -a0c1?
-a0b8
In base 4, what is -11 + -212010?
-212021
In base 16, what is -12876e - 2?
-128770
In base 3, what is -1 - 2121021201022?
-2121021201100
In base 7, what is 31244030 + 2?
31244032
In base 7, what is 14062 + 3?
14065
In base 15, what is -ce - -9b5?
8d6
In base 6, what is 135413 - -142?
135555
In base 13, what is -a1 - 260?
-331
In base 5, what is -1 - 20424103?
-20424104
In base 5, what is 1132 - -344?
2031
In base 3, what is 1000221222 + -1?
1000221221
In base 15, what is -266623 - 3?
-266626
In base 11, what is 10 - 27215?
-27205
In base 6, what is -4202 - -2001?
-2201
In base 2, what is 101010101101011 - -10001000?
101010111110011
In base 16, what is 5b60b - 2?
5b609
In base 15, what is -3 - -90d25?
90d22
In base 12, what is 1806 + -679?
1149
In base 5, what is -4 + 1010014?
1010010
In base 13, what is b12192 + 4?
b12196
In base 8, what is 12175 - -76?
12273
In base 13, what is -b044 - 30?
-b074
In base 14, what is 31 - 221a2?
-22171
In base 4, what is -131 - -23033?
22302
In base 14, what is 23d - 193?
8a
In base 4, what is -3 - 2330010?
-2330013
In base 2, what is -100000001001000101000 + -11?
-100000001001000101011
In base 5, what is 3 + 23121012?
23121020
In base 16, what is 11b2 + 67?
1219
In base 7, what is -406 - 162?
-601
In base 8, what is -3 - -35573?
35570
In base 4, what is -113 - 21022?
-21201
In base 15, what is 194 + 94?
238
In base 11, what is 7 + 12397?
123a3
In base 14, what is 25 - 757?
-732
In base 6, what is 1042015 + -14?
1042001
In base 7, what is 161 + -145456?
-145265
In base 3, what is -10201 - 20001?
-100202
In base 14, what is 5 + -4580?
-4579
In base 16, what is -45a - 1d?
-477
In base 13, what is 66 + -bb05?
-ba6c
In base 5, what is -213133 + 0?
-213133
In base 16, what is 1190 + -9?
1187
In base 13, what is 22 + -c9?
-a7
In base 2, what is 110 + -11111110001011?
-11111110000101
In base 13, what is -7178 + -49?
-71c4
In base 10, what is -2 + 5053?
5051
In base 8, what is -226 + -2171?
-2417
In base 14, what is -98b + a?
-981
In base 3, what is -12221102210 + 11?
-12221102122
In base 15, what is -1 + -7d85?
-7d86
In base 13, what is 47550 - -1?
47551
In base 8, what is -12051 + 4?
-12045
In base 15, what is 24 - 19634?
-19610
In base 11, what is 7 - 45a50?
-45a44
In base 13, what is 1 + 2c35?
2c36
In base 12, what is -304 + -28?
-330
In base 2, what is 10100101 + -110010000001?
-101111011100
In base 12, what is -2a6 + a49?
763
In base 10, what is 138 + 4488?
4626
In base 8, what is -12 - 21635?
-21647
In base 16, what is 39f + -7b?
324
In base 5, what is -4124241 + -1?
-4124242
In base 12, what is -3b - -417?
398
In base 6, what is -130 - -144?
14
In base 13, what is 1777 + -1?
1776
In base 8, what is -16607 - -1?
-16606
In base 15, what is 430e5 + 0?
430e5
In base 6, what is 5242203 + -1?
5242202
In base 12, what is -17 - 96?
-b1
In base 8, what is -1377606 - 1?
-1377607
In base 14, what is 24 + 375c?
3782
In base 12, what is 676 - -48?
702
In base 5, what is -2442240 + 2?
-2442233
In base 9, what is -327 + -888?
-1326
In base 14, what is c9094 - 0?
c9094
In base 4, what is -1312 - 312?
-2230
In base 11, what is 231 - -3035?
3266
In base 13, what is -85 + -1a?
-a2
In base 10, what is 139686 + -3?
139683
In base 6, what is 5255 + 23445?
33144
In base 5, what is 201423430 - -4?
201423434
In base 15, what is -1 + 5a?
59
In base 3, what is 222100002 + 11?
222100020
In base 14, what is -1 - 14c96?
-14c97
In base 14, what is 2c + 428?
456
In base 10, what is 846 + -36?
810
In base 13, what is -57 + -95?
-11c
In base 6, what is -5240 + 204?
-5032
In base 3, what is -2021 - -2111?
20
In base 4, what is 12333 - 2132?
10201
In base 7, what is -4 - 56055?
-56062
In base 14, what is 1 + -1623?
-1622
In base 16, what is -4 + a062?
a05e
In base 9, what is 22685 + -3?
22682
In base 8, what is -1273 + -573?
-2066
In base 13, what is a625a6 + -1?
a625a5
In base 12, what is 58440 - -4?
58444
In base 16, what is -39 - c0?
-f9
In base 14, what is a07 - -24?
a2b
In base 7, what is 100111312 - -2?
100111314
In base 3, what is -11010100102102 + 1?
-11010100102101
In base 13, what is 3 + 842?
845
In base 11, what is -37490 + -1a?
-374aa
In base 5, what is -114113 + 10?
-114103
In base 8, what is -23 + -142555?
-142600
In base 4, what is -210010 - -31?
-203313
In base 5, what is 34330 + 1140?
41020
In base 11, what is -40 + 98?
58
In base 4, what is 32 + -12312322?
-12312230
In base 4, what is 302 + -122330?
-122022
In base 14, what is 1304 + -a9?
1239
In base 12, what is 3b6 - 5?
3b1
In base 7, what is -44 + -25456?
-25533
In base 6, what is 34 + -15214?
-15140
In base 8, what is 2331 + -24?
2305
In base 6, what is 22101 - 415?
21242
In base 2, what is -10101 - 1010101111?
-1011000100
In base 7, what is -2 - -3105?
3103
In base 16, what is 2 + 342ff?
34301
In base 6, what is -121241 + -1?
-121242
In base 11, what is -1960 + -5?
-1965
In base 7, what is -11213442 - -3?
-11213436
In base 14, what is 51d1 - -1?
51d2
In base 7, what is 1113624 + -5?
1113616
In base 10, what is -1491 - -835?
-656
In base 11, what is -5 - 12814?
-12819
In base 3, what is 2 - 12101200?
-12101121
In base 6, what is 13315105 + 1?
13315110
In base 9, what is -1 - 5835?
-5836
In base 16, what is 3 + -40fce?
-40fcb
In base 7, what is 4 + -3112?
-3105
In base 14, what is 11a63 - 1?
11a62
In base 6, what is -1145 - -10222?
5033
In base 16, what is -3 + -3b11?
-3b14
In base 14, what is -639 - 1a6?
-801
In base 9, what is 6004 + -75?
5818
In base 11, what is -3 - -33391?
33389
In base 15, what is -4 - -6ce1?
6cdc
In base 9, what is -83 + -12632?
-12725
In base 15, what is 27e81 + 4?
27e85
In base 4, what is -2 + -133020231?
-133020233
In base 10, what is 33702 + -2?
33700
In base 4, what is 32321120 + 1?
32321121
In base 3, what is -22122000 + -12111?
-22211111
In base 5, what is 1 - -40402?
40403
In base 11, what is -16710 + 1?
-1670a
In base 6, what is 0 + 2053452?
2053452
In base 12, what is 626a3 + -13?
62690
In base 3, what is -11 + -2000102110?
-2000102121
In base 15, what is 1 - -248e7?
248e8
In base 16, what is 9408 - 5?
9403
In base 9, what is -111 - -111?
0
In base 13, what is -3 - 131c1?
-131c4
In base 14, what is 3 + 88d5?
88d8
In base 12, what is -6445a + -3?
-64461
In base 4, what is -3 + -30221110?
-30221113
In base 5, what is -3413311 + 12?
-3413244
In base 2, what is -110000100100001000 - -101?
-110000100100000011
In base 13, what is 34848 + -16?
34832
In base 6, what is -14551014 - -2?
-14551012
In base 16, what is 0 + 6f55?
6f55
In base 14, what is b75 - -9?
b80
In base 7, what is 6200 - -525?
10025
In base 11, what is -840 + 2?
-839
In base 7, what is -1144452 + 21?
-1144431
In base 4, what is 232331222 + -100?
232331122
In base 4, what is 10 + 111331